z - 2. Calculate the highest common factor of o and z.
6
Let w be 3 - ((-20)/(-1) - 1). Let j be ((-7)/28)/(2/w). Let n be (12 + -8)*j/2. What is the highest common factor of 16 and n?
4
Let i be (1/(-3))/(5/(-30)). Suppose 14 + i = 4*r. Suppose -4 = r*s, 0 = -p - 0*p + s + 4. Calculate the greatest common divisor of 12 and p.
3
Let q = -17 + 94. Let a be 407/q - 4/14. What is the highest common divisor of 45 and a?
5
Suppose 3*c + 11 = -4*h + 398, 0 = -3*h + 2*c + 303. Let i be (-12)/(-2)*h/27. Calculate the greatest common divisor of i and 154.
22
Let h be 70 + (16 - (1 - -7)). What is the highest common divisor of 754 and h?
26
Let o(w) = 43*w**2 - 2. Let z(q) = -44*q**2 - q + 1. Let b(x) = -3*o(x) - 4*z(x). Let g be b(-1). Calculate the greatest common divisor of g and 45.
45
Suppose 0 = -2*c + 5*c - 27. Suppose -3*b - 1 = -2*d, -c = 4*b + 11. Let o be (-1)/3*d*33. Calculate the greatest common factor of o and 11.
11
Let f(p) = p**3 - 4*p**2 + 6*p - 6. Let b be f(3). Let t = -15 - -27. Calculate the greatest common divisor of t and b.
3
Let v = 226 - 222. Let b be (-46)/4*4*-1. Suppose -b = -v*k - 2. What is the greatest common divisor of 11 and k?
11
Let t be (3/(-4))/((-15)/100 + 0). Calculate the greatest common factor of 40 and t.
5
Let p(i) = -i**2 - 2*i + 8. Let s(m) = 6*m**3 - m - 1. Let u be s(-1). Let w be p(u). Let x = 18 + w. What is the greatest common divisor of 8 and x?
2
Suppose -4*a + 241 = 3*r, a - 4*r - 105 + 21 = 0. What is the greatest common divisor of a and 16?
16
Let o be 2/(-12) + 5474/84. Suppose -75 = -4*j + o. What is the greatest common factor of j and 14?
7
Suppose 33 = 2*o + o - 3*d, 5*o + d - 37 = 0. Calculate the highest common factor of o and 24.
8
Suppose -8*d + 14 = -34. Calculate the greatest common divisor of 2280 and d.
6
Let m be (1254/18 + -3)*3. What is the highest common divisor of m and 8?
8
Let n(b) = -b**2 - b + 156. Suppose -6*p - 5*p = -9*p. Let o be n(p). What is the greatest common divisor of 12 and o?
12
Suppose 26 = 21*x - 436. Calculate the greatest common divisor of 4 and x.
2
Let g = 4 - 2. Suppose 5*y + g - 92 = 0. Let r = -54 - -81. Calculate the greatest common divisor of r and y.
9
Suppose 5*b + 34 = 74. Suppose 7*s - 2*s - 320 = 0. What is the greatest common divisor of s and b?
8
Let l = 315 + -147. Let v(c) = 5*c + 1. Let k be v(4). Calculate the greatest common divisor of k and l.
21
Let m be 66 - -2 - (-1 + 11 + -5). Suppose -3*q - t = -11, 4*q - 11 - 3 = -t. Let o be (-6)/q + 11 + 0. Calculate the greatest common divisor of m and o.
9
Suppose -5*k - 140 = -19*k. Calculate the greatest common divisor of 130 and k.
10
Suppose -20 = -3*u + 2*u. Suppose 7*o - 769 = -209. What is the greatest common factor of o and u?
20
Suppose 3*m + 513 = 3*u, -844 = -5*u - 3*m + 35. Suppose -25 = -287*c + 1697. Calculate the greatest common factor of c and u.
6
Let h(q) = 10*q**2 + q. Let c be h(1). Let x(f) = 82*f - 43. Let m be x(2). Calculate the greatest common divisor of m and c.
11
Let l(r) = 4*r**2 + 22*r - 422. Let f be l(16). What is the greatest common factor of 18 and f?
18
Suppose 0 = 14*b - 1070 - 442. Calculate the highest common factor of b and 24.
12
Let v be 11 - ((-2)/5 - (-308)/70). Let b(q) = 5*q - 25. Let f be b(v). What is the highest common factor of 15 and f?
5
Suppose 27*d + 15 = 32*d. What is the highest common divisor of d and 24?
3
Let p = 205 - 139. Calculate the highest common divisor of p and 66.
66
Suppose -551 = 3*w + 190. Let c = 387 + w. Calculate the greatest common factor of 56 and c.
28
Let g(y) = -y**3 - 5*y**2 - 2*y + 2. Let q be g(-5). What is the highest common divisor of q and 60?
12
Suppose -15 = -2*q + 33. Suppose -3*a = -y - 12, 5*a = y - 0*y + 22. What is the greatest common factor of q and y?
3
Suppose 0 = -6*c - 229 + 535. Suppose 3*b + 185 - 1856 = 3*d, 3*b + 2*d - 1691 = 0. What is the highest common factor of b and c?
51
Let z(y) = -y + 9. Let a be z(-7). Suppose -4*x - j = -a, -2*x + j + j = -8. What is the highest common factor of x and 1?
1
Suppose 5*f + 4*i = 122, -2*f + 8*i + 59 = 13*i. Calculate the greatest common divisor of f and 88.
22
Suppose 22*u - 288 = 240. What is the greatest common factor of u and 8?
8
Let n be (-184)/(-18) + -2 + 12/(-54). Let y be (2 - 2) + (3 - 0). Let z be (y + 1)*(-4 + n). What is the highest common factor of z and 32?
16
Suppose -2*o + 4*i = 8*i - 2, 3*o + 2*i - 11 = 0. Suppose -2*r + 0*a + 88 = o*a, -3*r = -2*a - 94. Calculate the highest common factor of 204 and r.
34
Let x be (-6339)/(-12) - 10/8. Calculate the greatest common factor of 17 and x.
17
Let x = 178 - 136. What is the highest common factor of x and 84?
42
Let c be (2/(-4))/(29/(-6) + 5). Let m be (-5)/(112/(-36) - c). What is the greatest common divisor of m and 18?
9
Let q = 13 + -9. Suppose 7 - 1 = 2*g, -3*h - 231 = -2*g. Let p = -43 - h. What is the greatest common divisor of p and q?
4
Let g(q) = -q**3 + 13*q**2 - 14*q + 29. Let o be g(12). Suppose v - 154 = -o*r + 2*v, -v = -2*r + 64. Calculate the greatest common divisor of r and 5.
5
Let k be -3 - (1 - -1)/(-2)*129. What is the greatest common divisor of 315 and k?
63
Suppose 502*a = 481*a + 210. Calculate the highest common divisor of 1010 and a.
10
Let p(t) = t + 7. Let w be p(5). Suppose z + 7 - w = 0. Let i be 90/(-2)*2/(-2). What is the greatest common divisor of i and z?
5
Let p be -4 - (-15 + 5) - 1. Calculate the highest common divisor of p and 105.
5
Let z(h) = -6*h + 64. Let x be z(6). Let a = -6 - -5. Let m(v) = 13*v**2 - v. Let c be m(a). Calculate the highest common factor of c and x.
14
Suppose 5*h - 3 = -m, 2*m - 9 = -m + 5*h. Suppose 4*l = -11 + 23. What is the greatest common divisor of m and l?
3
Suppose -3*w + 34 = -q, 5 = w - q - 7. Let l be (w - (-2 - -1))/2. Suppose i - l*i = -55. What is the greatest common factor of 44 and i?
11
Let h be (-2)/(12/(-450)) + 6. What is the greatest common factor of 18 and h?
9
Let n be (10/24*4)/(2/6). Suppose -n*p + 40 = 5*p. What is the greatest common factor of p and 4?
4
Let l(i) = 5*i + 60. Let j be l(23). Calculate the greatest common factor of 35 and j.
35
Suppose 632 = 5*x + 92. Let i = 172 - 148. Calculate the highest common factor of x and i.
12
Let n = 1 + 1. Suppose n + 4 = 2*a, -2*i - 4*a = -18. Suppose 2*z - 3*r = 45 - 12, -i*r - 57 = -3*z. Calculate the highest common divisor of 72 and z.
24
Let o = 77 + -17. Let d be (246/30 - 7)/((-4)/(-50)). Calculate the greatest common factor of o and d.
15
Let j be 2/6 + 22/6. Suppose -j = -5*o + 36. Let f(x) = x**3 - 6*x**2 - 2*x + 9. Let u be f(o). What is the highest common divisor of 11 and u?
11
Let y(n) be the second derivative of -25*n**3/3 - n**2/2 - 7*n. Suppose 0 = 3*k - k + 2. Let v be y(k). What is the highest common divisor of v and 7?
7
Let d = -148 + 204. What is the greatest common divisor of d and 24?
8
Let i(n) = -12*n + 61. Let s be i(-5). What is the highest common divisor of 22 and s?
11
Suppose 4*f = 7*f - 30. Calculate the greatest common factor of f and 16.
2
Let v = -154 + 162. Calculate the greatest common factor of 1096 and v.
8
Let f = 825 - 678. What is the greatest common factor of f and 21?
21
Let g be 2*(-30)/(-12) + 0 + 0. Let f be g + 17 - 1*-2. Calculate the greatest common divisor of f and 72.
24
Suppose -s + 43 = -32. Let j = -83 - -133. Calculate the greatest common divisor of s and j.
25
Let p be (-210)/(-8) + 12/16. Let z(t) = -21*t. Let b be z(-9). Calculate the greatest common factor of b and p.
27
Suppose 6*q + w + 260 - 856 = 0, -5*w = -q + 120. What is the highest common divisor of q and 90?
10
Suppose -3*y + 4*y - 70 = -c, 0 = 3*c - 9. Let j = y + -27. Suppose -12*a + 298 = 17 + 41. What is the highest common divisor of a and j?
20
Let r be (-6)/(-2)*244*(-28)/(-48). Calculate the highest common factor of 7 and r.
7
Suppose -d = 6*u - 3*u + 21, 0 = -2*u + 8. Let c be ((-8)/(-2) - 7)*d. Calculate the highest common factor of 9 and c.
9
Let p = -86 + 150. Let m be 0 - -4*(-2)/(-12)*6. Suppose -m*w + 40 = w. Calculate the highest common divisor of p and w.
8
Let g be 2/14*2*(120 - 113). Suppose 0*v = -4*v - 20. Let r(d) = -d**3 - 6*d**2 - 7*d - 6. Let w be r(v). What is the highest common factor of g and w?
2
Suppose 0 = 3*w + 1